ate the remainder when v(-4) is divided by 8.
6
Let k(u) = -u**2 + 6*u + 3. Let h = 29 + 59. Suppose -5*o + 4*v - v = -118, -4*o - 4*v + h = 0. Calculate the remainder when o is divided by k(5).
7
Let s(r) = r**2 + 6*r - 3. Let t be s(-7). Suppose -t*h = -3*p - 119, -5*h - 2*p = 37 - 203. What is the remainder when h is divided by 11?
10
Let f = 76 + -50. What is the remainder when 75 is divided by f?
23
Let m(i) be the second derivative of i**4/12 - 2*i**3/3 - 7*i**2/2 - 4*i. What is the remainder when 26 is divided by m(7)?
12
Suppose 249 - 5 = 4*x. What is the remainder when x is divided by 16?
13
Let r = -174 - -263. Suppose 0 = -c + r - 12. Calculate the remainder when c is divided by 415/83 - (1 + -22).
25
Let o be 1 - (20 + 2) - 1. Let g = -15 - o. Let l = 14 - g. What is the remainder when 13 is divided by l?
6
Let v = 0 + 2. Let l be ((-4)/6)/(4/(-18)). What is the remainder when v is divided by (-1 + l)/(4 + -2)?
0
Let g = 10 - 6. Suppose g*h = 2*n - 6, 4*n - n - 9 = -4*h. Calculate the remainder when 6 is divided by n.
0
Let w(n) = n + 11. Let o be w(-6). Suppose -3*p + 9 - 3 = -3*j, -o*j + 17 = 4*p. Calculate the remainder when (11 + -2 + -2)*j is divided by 4.
3
Let l(v) = v**2 - 4*v + 2. Let x(k) = k**2 - 4*k + 2. Let t(h) = 3*l(h) - 2*x(h). Let c be t(6). Let r = c - 10. Calculate the remainder when 7 is divided by r.
3
Suppose -5*t + 34 = a, -3*a - t = -48 - 12. Calculate the remainder when a is divided by 10.
9
Let t(b) = 0 - 4*b + 10*b + 5 + 3. Calculate the remainder when t(9) is divided by 21.
20
Suppose 10 = -k + 37. Let a be (-26)/(-6) - 4/(-6). Suppose 28 = -3*f + a*f. What is the remainder when k is divided by f?
13
Suppose -w - 5*o = -34, -5*w + 0*o = 2*o - 78. Suppose y - w = -0*y. What is the remainder when y is divided by 4?
2
Let u(l) = -l - 8. Let h be u(-6). Let m be 97/(0 - 2/h). Let i = m + -53. What is the remainder when i is divided by 15?
14
Let z(d) = -d**2 + 10*d + 1. Suppose -24 = -4*c + c. Let j(x) = 7*x**2 - 1. Calculate the remainder when z(c) is divided by j(1).
5
Let z(h) = h**2 - 7*h + 5. Let f be z(-5). Let b = 92 - f. Calculate the remainder when b is divided by 8.
3
Suppose 4*f - 24 = -2*n, -5*n + f = -0*f - 71. Let r = 20 - n. What is the remainder when r is divided by 2?
0
Suppose -24 = -2*q + 252. Calculate the remainder when 26 is divided by 8/40 - q/(-10).
12
Suppose 0 = -2*b - f + 24 - 2, -3*b + 4*f + 33 = 0. Let v = b - 7. What is the remainder when 11 + (1 + 0)*-2 is divided by v?
1
Suppose n + a - 55 = 3*a, -4*a - 208 = -4*n. Let o = 4 + 13. Calculate the remainder when n is divided by o.
15
What is the remainder when 29 is divided by (10/(-15))/(1/(-9))?
5
Let a(u) = u**3 - 9*u**2 + 8*u - 6. Let w be a(8). Let m = w + 12. Suppose -42 + m = -3*s. Calculate the remainder when 22 is divided by s.
10
Suppose 3*c - 44 = -c. What is the remainder when 52 is divided by c?
8
Let l(g) = 4*g**2 + 1. Let d be l(-1). Suppose 3*c - 4*s = -d*s + 7, 3*c = s - 1. Suppose -2*x + c = -5. Calculate the remainder when 7 is divided by x.
1
Let c(d) = -3*d + 6. Let g be c(4). What is the remainder when 15 is divided by (-1)/3 + (-50)/g?
7
Let p(h) = -17*h - 9. What is the remainder when p(-3) is divided by 15?
12
Let t(s) = 4*s**2 + 4*s + 4. Suppose -3*b + 44 = -1. What is the remainder when t(-3) is divided by b?
13
Let j be (-1 - 5)*4/(-12). Suppose 2*n - 5*m = 243, -4*n + 4*m = -m - 471. Suppose x - n = -j*x. What is the remainder when x is divided by 13?
12
What is the remainder when (5 + 1)*(6 - (-24)/(-18)) is divided by 10?
8
Suppose 5*a + 0*x + 20 = 4*x, 2*x = 3*a + 14. Suppose w - 5 = -n - 1, n - 1 = -2*w. Let g = n - a. What is the remainder when g is divided by 8?
7
Let q(h) = h**2 + 3*h + 17. What is the remainder when q(-5) is divided by 7?
6
Suppose 16 = -2*x + 6*x. Suppose -x*f + 3 = -1. What is the remainder when 2 - (f - 156/3) is divided by 18?
17
Let d(m) = 2*m. Suppose 4 = 5*b - 6. Calculate the remainder when 7 is divided by d(b).
3
Let s(k) = k - 4. Let p be s(5). Let g = p + 0. What is the remainder when g is divided by (-6)/9*(-12)/8?
0
Let h = 53 + -47. Calculate the remainder when 28 is divided by h.
4
Let v = -2 + 8. What is the remainder when 11 is divided by v?
5
Suppose d + 5*m = 84 + 18, 4*m = -4*d + 328. Let p = -33 + d. Suppose i - 6 = 9. Calculate the remainder when p is divided by i.
14
Let f(o) = o**2 - 5*o - 1. Let a = -317 + 329. Calculate the remainder when a is divided by f(6).
2
Let v = 7 + 42. Calculate the remainder when v is divided by 13.
10
Suppose 60 = 3*s - 33. What is the remainder when 122 is divided by s?
29
Calculate the remainder when -4 - (-3)/(34/(-12) + 3) is divided by 5.
4
Suppose -1269 + 435 = -4*f - 5*g, 0 = f + g - 208. What is the remainder when f is divided by 23?
22
Suppose t = 4*f + 19 + 5, 4*t - 2*f - 40 = 0. What is the remainder when 1/(-4) + 488/32 is divided by t?
7
Let f be 0*(3 + 24/(-9)). Let t(k) = -k**3 + k + 24. Calculate the remainder when t(f) is divided by 9.
6
Suppose 25 = 5*l - 20. What is the remainder when 16 is divided by l?
7
Suppose -297 = -6*r + 297. What is the remainder when r is divided by 10?
9
Let k(a) = -2*a**2 + 36*a - 19. Calculate the remainder when k(14) is divided by 24.
21
Suppose -6*w - 144 = -14*w. What is the remainder when w is divided by 7?
4
Suppose -15 = -2*o - 3*o, 0 = -4*n - 5*o + 11. Let c be n*(3 + -4)*0. Calculate the remainder when 55 is divided by (-38)/2*(-1 + c).
17
Let i(k) = 2*k**2 + 6*k. Suppose 3*x - 6*x = -171. Calculate the remainder when x is divided by i(-5).
17
Suppose 3*q - y - 5 = -6*y, -2*q = -4*y - 40. Suppose 0 = -t + 5 + q. Calculate the remainder when t is divided by 6.
3
Suppose 2*d + 4*r - 35 = 23, d - 34 = -3*r. What is the remainder when d is divided by 10?
9
Suppose -2 = b + 3*t - 3, 2*b - 22 = 4*t. What is the remainder when 19 is divided by b?
5
Calculate the remainder when 25 is divided by 1020/72 + 2/(-12).
11
Let c(b) = -30*b**3 + b**2 + b - 1. Let j be c(1). Let u = j + 78. What is the remainder when u is divided by 13?
10
Suppose 0 = -l + 1 + 5. Suppose -15 - 30 = -y. Suppose -4*q + q + y = 0. Calculate the remainder when q is divided by l.
3
Let p(j) = -j**3 + j + 1. Suppose -4*y = -3*u + 13, -5*u - 1 = -0*u - y. Calculate the remainder when (u + -17)/(2 - 3) is divided by p(-2).
4
Let o(j) = j + 2. Let t be o(-4). Calculate the remainder when ((-45)/(-6))/(-1)*t is divided by 8.
7
Suppose -36 = -3*k - 0. Let h = 21 - k. Let v(b) = -9*b - 2. What is the remainder when v(-2) is divided by h?
7
Suppose 22*q = 15*q + 161. Calculate the remainder when 67 is divided by q.
21
Suppose 0*h = -h + 12. Calculate the remainder when h is divided by (-406)/(-87) - 1/(-3).
2
Let g = 246 + -148. What is the remainder when g is divided by 50?
48
Let d(i) = 4*i. Let m be d(4). Suppose 14*y - 10*y = 0. Suppose y = 4*r - 32 - m. Calculate the remainder when 22 is divided by r.
10
Suppose 0 = -3*w - b + 10, -5 = -2*w - 3*b + 4. Suppose -2*o + 1 + 5 = 2*d, w*d - o = 13. Let u = 5 + -2. What is the remainder when d is divided by u?
1
Let p(x) = -x**3 + 6*x**2 + 2*x - 5. Let o be p(6). Suppose 0 = -o*t + 4*t - 6. What is the remainder when 35 is divided by (t - 1)/((-1)/4)?
11
Let z be -1 - (-2 + 2) - -4. Suppose -u - z*u = -32. What is the remainder when 23 is divided by u?
7
Let t = -2 - -13. Suppose 2*v - 2*l = 6, 2*v + l - 10 = t. Calculate the remainder when 31 is divided by v.
7
Let c(k) = 6*k - 29. Calculate the remainder when c(17) is divided by 25.
23
What is the remainder when ((-12)/(-42) - (-76)/(-70))*-55 is divided by 12?
8
Let b = -2 - -7. Suppose -7 = b*h - 97. Suppose 0 = -4*z - 0*m - 3*m + 20, 0 = -z - 4*m + h. Calculate the remainder when 2 is divided by z.
0
Let g = 49 - 83. Let s = -22 - g. Suppose 8*a - 28 = 4*a. What is the remainder when s is divided by a?
5
Let v = 6 + -3. Let t = v - -5. Let s(y) = -y**3 - 3*y**2 + 2*y - 18. Calculate the remainder when s(-5) is divided by t.
6
Let q(u) = -u**2 - 4*u + 3. Let c be q(-4). Calculate the remainder when 16 is divided by (c/(-2))/(2/(-12)).
7
Let x be -1 + -1 - 0 - -37. Suppose -3*j = 2*j - x. Calculate the remainder when j is divided by (-4)/(-10) + 36/10.
3
Let u = 4 - 18. What is the remainder when (-8)/(-28) -